- 4 + 328*c + 328*c. Calculate i(s).
32
Suppose -748 = -84*w + 176. Let u(j) = -2*j + 44. Determine u(w).
22
Let f be 5 + (0 - (4 - 5)). Let y(v) = -4*v - 1. Let c(j) = -2*j. Let k(d) = f*c(d) - 2*y(d). Determine k(1).
-2
Let g(a) = -2*a**2 + 1. Let t be g(1). Let w(d) = 363*d - 723*d + 363*d. Calculate w(t).
-3
Let d(u) = u**3 - 4*u**2 - u - 2. Let z(i) = -5*i + 54. Suppose -49*n - 4 = -51*n. Suppose -3*g + 36 = g + b, 3*b = -g - n. Let m be z(g). Determine d(m).
-6
Let m(s) = 2*s**2 - 5*s - 5. Let g be 3/(-4)*(-16)/1. Let k(t) = 418*t + 2493. Let z be k(-6). Let j be z*(g/(-9))/4. Determine m(j).
20
Let a(q) = 3*q**3 + 9*q**2 + 5*q + 1. Let c(d) = d**3 + d**2 + d - 1. Let i(n) = n**3 + 6*n**2 + 3*n - 4. Let r be i(0). Let s(h) = r*c(h) + a(h). What is s(4)?
25
Let n(z) be the third derivative of z**2 - 1/3*z**3 + 0 + 0*z - 1/12*z**4. Let m = -2633327 + 2633323. Determine n(m).
6
Let l = -292 + 302. Let w(b) = 41*b**2 - 33*b**2 - 5 + l - b**3 - b. What is w(8)?
-3
Let u be (274 - 267) + (-2)/1. Let q(y) = -y**3 + 6*y**2 - 2*y - 20. Give q(u).
-5
Suppose 0 = r + 2*z - 9, -3*z - 2*z + 22 = 3*r. Let s be (-6)/r - (7 + -5). Let c(f) = 4*f - 6. What is c(s)?
10
Let a = 690 + -710. Let o(u) = u**3 + 21*u**2 + 17*u - 62. What is o(a)?
-2
Let u(f) = 9*f - 36. Let t(o) = -3*o + 25. Let g(k) = 8*t(k) + 3*u(k). Give g(-30).
2
Let u(l) be the first derivative of -3*l**2/2 - 4*l + 971. Let b = -7 + 12. Determine u(b).
-19
Suppose -20 + 65 = -b. Let s = b - -50. Suppose -s*h - 1 = -4*h. Let l(x) = -7*x - 1. What is l(h)?
6
Let o(i) = i**3 + 4*i**2 - 10*i - 15. Let v(w) = -84*w - 3450. Let j be v(-41). What is o(j)?
-27
Suppose 0 = f - 10*f + 54. Let n(s) = s**3 + s**2 + 5*s - 1. Let r(p) = 7*p**2 + 2*p + 5. Let y(k) = -n(k) + r(k). What is y(f)?
-12
Let s(y) = -169 - 48 + 115 + 118 + 14*y - 3*y**2 - y**3. Give s(-5).
-4
Let v(p) be the third derivative of p**6/15 - p**5/10 - p**4/8 - p**3/6 - 2474*p**2. Give v(-2).
-83
Let g(z) = -z**2 + 6*z + 2. Let m(h) = -h**2 + 3. Let y be m(-2). Let j be 2 - (y + (-4 - -2)). Suppose -2*b - j*n + 23 = b, 34 = 5*b + 4*n. What is g(b)?
2
Let v(p) = -9*p - 46. Let t(s) = s**2 - 37*s - 85. Let c be t(39). Give v(c).
17
Let f(h) = -h**2 + 2*h - 3. Let q be 22785/30 + (-3)/6. Let d = q + -759. Determine f(d).
-3
Let s be (-1)/8 + (-6132)/(-672). Let q(m) = -m**2 + 13*m - 22. Determine q(s).
14
Let l(a) be the first derivative of a**2/2 + 25*a + 6. Let r be l(-20). Let f(t) = 5 - r*t + t**2 - 5. What is f(4)?
-4
Let p(i) be the third derivative of -i**6/120 + i**5/12 - 5*i**4/24 + 7*i**3/6 - 13*i**2 - 36*i. Give p(4).
3
Let d(n) = -10*n - 6. Let t(u) = 12*u + 7. Let o(q) = 4*d(q) + 3*t(q). Let v(j) = j. Let l(h) = o(h) + 5*v(h). Give l(-6).
-9
Let m(b) be the third derivative of -b**6/240 + b**5/120 - 25*b**4/8 + 2*b**2 - 53. Let x(h) be the second derivative of m(h). Give x(1).
-2
Let c = 405 + 132. Suppose -c*b = -534*b + 12. Let n(o) = o**3 + 3*o**2 - o + 7. What is n(b)?
-5
Let f = -151 + 157. Let a(i) = 2*i - i + f - 7 - 11*i. Give a(1).
-11
Let v(b) = -9*b + 5. Let l(f) = f**3 - 7*f**2 - 4*f - 6. Let a be l(7). Let m = -32 - a. Determine v(m).
-13
Let i(k) = -k**2 + 18*k - 19. Let b(a) = 2*a**2 + 28*a + 14. Let z be b(-14). Let g be (3/((-9)/51))/(z + -15). Give i(g).
-2
Let p(d) = -13*d - 89. Let s(t) = -21*t - 139. Let g(w) = 8*p(w) - 5*s(w). Calculate g(-20).
-37
Let h(b) = -b**3 + b**2 + 7. Suppose 8*m = 83 - 67. Suppose a + m*a - 7*a = 0. Calculate h(a).
7
Let b be 4/22 + 824*50/880. Let h(k) = k**2 - 58*k + 515. Determine h(b).
-2
Let m(i) = -7*i**3 - 13*i**2 - 106*i - 27. Let j(v) = -v**3 + v**2 - 17*v - 1. Let c(d) = -6*j(d) + m(d). Calculate c(-19).
55
Let m(w) = -9*w**2 - 14*w - 1. Let c(n) = 20*n**2 + 30*n + 1. Let v(k) = -4*c(k) - 9*m(k). Suppose -z + 3 - 1 = 0. Suppose 2*q - z = -14. What is v(q)?
5
Let p be (6/24 + 55/100)*(-15)/(-18). Let j(b) be the second derivative of 0 + b**2 + p*b**3 - 1/12*b**4 + 9*b. Determine j(5).
-3
Let z = 3 - -1. Suppose 86*c - 1529 = 75*c. Let n(g) = z + 70*g**2 + 7*g + 68*g**2 - c*g**2 + 0. Give n(7).
4
Let g(h) = -h**2 + 2*h + 5. Suppose 0 = -n + 9*n - 1368. Let w = 177 - n. Determine g(w).
-19
Let o(i) = i**3 - 4*i**2 + 3*i. Let a(u) be the first derivative of 0*u - 133*u**2 + 2 + 132*u**2 - 4*u. Let n be a(-3). Determine o(n).
-2
Let s = -15951 - -15949. Let f(g) be the first derivative of 0*g + 2 - 5/2*g**2. Give f(s).
10
Let v(p) = 799 + 814 - p - 1617. Determine v(8).
-12
Suppose 4*g = 2*g + 8. Suppose 2*w = -q, -g*q - q + 12 = -2*w. Let t(i) = 28*i - 4*i - 8 - 16*i - i**q. What is t(7)?
-1
Let i(r) = -r**3 - 4*r**2 + 12*r - 2. Let p be 1008/(-224)*(-4)/(-3). Determine i(p).
-2
Let l = 134 + -101. Let m(r) = 0*r - l - r + 30. Give m(-4).
1
Let v(z) = -z**2 + 8*z - 10. Suppose -h + 2*u - 8 = 0, -5*h + 5*u - 24 + 4 = 0. Let q be (-551)/(-76) + ((-2)/8 - h). Give v(q).
-3
Let x be 4/6*(-90)/(-20). Let l = 57 - 53. Let j(u) = -x*u + l - 5 + 2*u + 0*u. Determine j(-4).
3
Let v(w) = -10*w**2 - 439*w + 35. Let g be v(-44). Let s(t) = 6*t - 25. What is s(g)?
-79
Let y(d) = 572*d - 432*d - 185*d - d**2. Calculate y(-45).
0
Let s(b) = 5*b**2 + 7*b + 7. Let y(a) = -a**3 + a**2 - 8*a - 1. Let z(n) = s(n) + y(n). Let l(r) = -r - 3. Let x be l(-5). Let o be 11/x + 1/2. Give z(o).
0
Let z(j) be the third derivative of j**6/120 - 3*j**5/20 + j**4/24 + 19*j**3/2 + 6*j**2 + 37. Calculate z(8).
1
Let v(t) be the third derivative of -17*t**5/60 - 5*t**4/24 + t**3 + t**2 + 45*t - 9. Give v(2).
-72
Suppose -256 = -66*d + 128 + 210. Let f be (-2)/(-1) + 2 + -3. Let c(q) = -q**2 + 2 + f - 5*q - 8 + d. Calculate c(-3).
10
Let t be (-4)/8*-10 - (-1 - -3). Let g be 7 + -4 - t - 0. Let x(h) = h - 3*h**2 + g*h + 0*h + 2*h + 2*h**3. Calculate x(2).
10
Let p be (-79)/79 - 6/4*12. Let w(f) = -f**3 - 20*f**2 - 20*f - 11. Give w(p).
8
Let v(l) = 5*l**2 + l**2 - 7*l**2 - 10 - 9*l. Suppose 3*u - 28 = 5*c, -c = -8*u + 6*u + 7. What is v(c)?
10
Let w(x) be the first derivative of -x**3/3 + x**2 + 2*x - 12. Suppose 2*k + 0*b + 3*b = 40, 2*k - 42 = -2*b. Suppose -k = -2*s - 27. What is w(s)?
-6
Let l(i) = -41 + 3*i**2 + 8 - 4*i + 7*i + 4 + 23 + 1. Suppose -3*r + 5*r - 8 = -4*y, 5*r - 4*y - 6 = 0. What is l(r)?
13
Let a(f) = f**3 - f**2 - 2*f. Let v be a(2). Suppose -2*l - x + 565 = 0, -22*l - 559 = -24*l - 3*x. Let y(h) = l - 138 - 140 + h. Calculate y(v).
6
Let s(c) = 5*c**2 - 18*c - 8*c**2 + 5*c**2 + 10 - 2*c - 3*c**2. Determine s(-13).
101
Let q(m) = 23884508 + 2*m - 23884508 + 21*m**2. Give q(-1).
19
Let t(i) = -9*i**3 - 7*i**2 + 4*i + 6. Let d(f) = 24*f**3 + 24*f**3 + 0*f**2 - 3*f - 5 - 1 - 41*f**3 + 7*f**2. Let m(k) = 5*d(k) + 4*t(k). Give m(7).
1
Let q(n) = 6*n**2 + 2*n + 2. Let x(c) = 10*c**2 + 11*c + 4. Let y(g) = -2*q(g) + x(g). Determine y(3).
3
Let v(o) be the third derivative of o**6/120 - 2*o**5/15 + 2*o**4/3 - 3*o**3/2 - 103*o**2 - 25*o. Determine v(6).
15
Let u = 3891 + -3888. Let f(b) = -16*b**2 + 5*b - 5. Calculate f(u).
-134
Let v be 252/(-56)*4/(-9). Let q(f) = 2*f - 2. Let w(n) = n**2 - n + 1. Let d(k) = v*w(k) + q(k). Calculate d(-1).
2
Suppose 1231*f = 1224*f - 462. Let p be (-12)/5*4*55/f. Let m(x) be the first derivative of -x**4/4 + 3*x**3 - 4*x**2 - 7*x + 1. What is m(p)?
-7
Let w(b) be the first derivative of -b**2 + 38*b - 90. Calculate w(17).
4
Let s(b) = -5*b**3 + 23*b**2 + 8*b + 21. Let m(d) = 3*d**3 - 15*d**2 - 5*d - 14. Let f(k) = -8*m(k) - 5*s(k). Suppose 2 = -3*a - 13. Calculate f(a).
7
Let p(j) = j**2 - j - 1. Let c be -2 - (-28)/8*2. Suppose -18 = c*u + 2. Let l be 1 - u/8*-6. Calculate p(l).
5
Let h(t) be the first derivative of -t**4/4 + t**3/3 - t**2/2 - 2*t + 1239. What is h(-1)?
1
Let m(s) = s - 9. Suppose -10*i = -9 - 21. Suppose -6*g + 7 = -i*g + o, -4*o = -2*g + 14. What is m(g)?
-6
Let j(c) = -c**2 - c - 1 + 11 + 5 - 1. Suppose 14*y = 13*y. What is j(y)?
14
Suppose 21*a + 67 + 75 - 16 = 0. Let r(o) = 2*o**2 + 3*o - 14. Calculate r(a).
40
Let g(r) = 2*r**2 - r + 2. Suppose 4*b = 4*y - 36, 2*b + 38 = -3*y + 7*y. Suppose 4*x = y*x + 18. Determine g(x).
23
Suppose -2*q + 0 + 6 = 0, -2*l - 2 = -2*q. Let r = 7 - 6. Let k(d) = -2*d - 3*d**3 - 3 + r + 1 + 3*d**2. Calculate k(l).
-17
Let i(z) = z**3 - 8*z**2 - 8*z - 8. Let y be i(9). Let b(x) = x. Let u(o) = o**2 + 